ndred thousands digit of 2841579?
8
What is the thousands digit of 2600362?
0
What is the tens digit of 34348?
4
What is the units digit of 324163?
3
What is the hundreds digit of 523941?
9
What is the units digit of 191977?
7
What is the hundred thousands digit of 2158803?
1
What is the ten thousands digit of 324846?
2
What is the thousands digit of 1776002?
6
What is the units digit of 9317014?
4
What is the tens digit of 249054?
5
What is the units digit of 404121?
1
What is the tens digit of 4912387?
8
What is the units digit of 218162?
2
What is the millions digit of 20668717?
0
What is the millions digit of 8342011?
8
What is the hundreds digit of 8684849?
8
What is the ten thousands digit of 1134316?
3
What is the hundred thousands digit of 11657876?
6
What is the units digit of 209841?
1
What is the ten millions digit of 30826734?
3
What is the ten thousands digit of 231639?
3
What is the hundred thousands digit of 305362?
3
What is the tens digit of 17158866?
6
What is the hundred thousands digit of 9727385?
7
What is the hundreds digit of 505677?
6
What is the hundreds digit of 833957?
9
What is the ten thousands digit of 1155998?
5
What is the millions digit of 5400333?
5
What is the thousands digit of 105214?
5
What is the hundreds digit of 2795908?
9
What is the hundreds digit of 459848?
8
What is the hundreds digit of 3654685?
6
What is the thousands digit of 91044?
1
What is the ten thousands digit of 681331?
8
What is the tens digit of 10153391?
9
What is the thousands digit of 1717001?
7
What is the ten thousands digit of 3735807?
3
What is the ten thousands digit of 5595864?
9
What is the ten thousands digit of 5188971?
8
What is the units digit of 285277?
7
What is the units digit of 409732?
2
What is the ten thousands digit of 21890229?
9
What is the hundreds digit of 583628?
6
What is the ten thousands digit of 5216471?
1
What is the units digit of 16836054?
4
What is the hundreds digit of 3226041?
0
What is the units digit of 1238927?
7
What is the units digit of 22286?
6
What is the thousands digit of 31419704?
9
What is the ten thousands digit of 493245?
9
What is the tens digit of 1883052?
5
What is the ten thousands digit of 17292728?
9
What is the ten thousands digit of 3427019?
2
What is the ten thousands digit of 353629?
5
What is the hundred thousands digit of 249366?
2
What is the thousands digit of 1419292?
9
What is the ten thousands digit of 616624?
1
What is the thousands digit of 304397?
4
What is the hundred thousands digit of 8297003?
2
What is the units digit of 819075?
5
What is the thousands digit of 225193?
5
What is the thousands digit of 2343797?
3
What is the thousands digit of 145494?
5
What is the ten thousands digit of 17962395?
6
What is the ten thousands digit of 1002986?
0
What is the hundreds digit of 8779914?
9
What is the ten thousands digit of 841949?
4
What is the hundred thousands digit of 410651?
4
What is the hundred thousands digit of 7087045?
0
What is the units digit of 3973378?
8
What is the tens digit of 468010?
1
What is the units digit of 7307204?
4
What is the millions digit of 23532948?
3
What is the ten thousands digit of 368335?
6
What is the ten thousands digit of 2682701?
8
What is the hundreds digit of 98680?
6
What is the ten thousands digit of 81928?
8
What is the tens digit of 17488?
8
What is the millions digit of 7329739?
7
What is the millions digit of 17715460?
7
What is the ten thousands digit of 53907?
5
What is the tens digit of 712325?
2
What is the hundreds digit of 2232861?
8
What is the hundred thousands digit of 6401466?
4
What is the ten thousands digit of 249519?
4
What is the tens digit of 24825238?
3
What is the tens digit of 12907729?
2
What is the thousands digit of 4867250?
7
What is the ten thousands digit of 662834?
6
What is the hundreds digit of 227205?
2
What is the millions digit of 21488343?
1
What is the millions digit of 34703926?
4
What is the millions digit of 2625197?
2
What is the millions digit of 24683099?
4
What is the millions digit of 22955165?
2
What is the hundreds digit of 52281?
2
What is the ten thousands digit of 209028?
0
What is the tens digit of 251006?
0
What is the units digit of 200051?
1
What is the hundred thousands digit of 4433517?
4
What is the tens digit of 904757?
5
What is the hundred thousands digit of 171169?
1
What is the thousands digit of 448976?
8
What is the units digit of 365390?
0
What is the hundreds digit of 313886?
8
What is the units digit of 342925?
5
What is the tens digit of 270212?
1
What is the hundreds digit of 5021456?
4
What is the thousands digit of 462488?
2
What is the units digit of 3285896?
6
What is the hundreds digit of 268922?
9
What is the tens digit of 16982346?
4
What is the ten thousands digit of 519291?
1
What is the hundred thousands digit of 11674350?
6
What is the units digit of 324994?
4
What is the thousands digit of 3702177?
2
What is the tens digit of 11649821?
2
What is the units digit of 1542098?
8
What is the thousands digit of 79021?
9
What is the tens digit of 796037?
3
What is the thousands digit of 274591?
4
What is the thousands digit of 16638570?
8
What is the ten thousands digit of 66987?
6
What is the tens digit of 21725?
2
What is the tens digit of 693343?
4
What is the hundreds digit of 2054839?
8
What is the thousands digit of 134098?
4
What is the ten thousands digit of 225080?
2
What is the ten millions digit of 24876643?
2
What is the hundreds digit of 2494065?
0
What is the hundred thousands digit of 266565?
2
What is the tens digit of 6518801?
0
What is the ten thousands digit of 1361114?
6
What is the tens digit of 7427?
2
What is the units digit of 2775929?
9
What is the thousands digit of 2741788?
1
What is the units digit of 82447?
7
What is the millions digit of 1533855?
1
What is the thousands digit of 4575068?
5
What is the tens digit of 6608781?
8
What is the hundred thousands digit of 225240?
2
What is the millions digit of 27118448?
7
What is the hundred thousands digit of 3150747?
1
What is the thousands digit of 16822501?
2
What is the thousands digit of 3147226?
7
What is the thousands digit of 18085977?
5
What is the hundred thousands digit of 182351?
1
What is the tens digit of 318797?
9
What is the ten thousands digit of 2099580?
9
What is the units digit of 78924?
4
What is the hundred thousands digit of 582876?
5
What is the hundred thousands digit of 268079?
2
What is the units digit of 3304032?
2
What is the hundreds digit of 264793?
7
What is the units digit of 4362717?
7
What is the hundreds digit of 218022?
0
What is the tens digit of 193581?
8
What is the hundreds digit of 284440?
4
What is the thousands digit of 2891705?
1
What is the hundred thousands digit of 236857?
2
What is the units digit of 3488409?
9
What is the ten thousands digit of 190349?
9
What is the units digit of 1375863?
3
What is the hundred thousands digit of 1429171?
4
What is the units digit of 374192?
2
What is the millions digit of 1080462?
1
What is the ten thousands digit of 5783702?
8
What is the ten thousands digit of 1839838?
3
What is the tens digit of 3222767?
6
What is the hundred thousands digit of 712082?
7
What is the units digit of 8754054?
4
What is the hundreds digit of 6387880?
8
What is the units digit of 10311775?
5
What is the ten thousands digit of 20077?
2
What is the units digit of 655207?
7
What is the hundred thousands digit of 1119784?
1
What is the thousands digit of 20705971?
5
What is the hundreds digit of 295494?
4
What is the hundred thousands digit of 939856?
9
What is the hundred thousands digit of 671894?
6
What is the thousands digit of 2805839?
5
What is the hundreds digit of 3480812?
8
What is the hundred thousands digit of 131980?
1
What is the units digit of 55427?
7
What is the hundred thousands digit of 2066656?
0
What is the millions digit of 1743523?
1
What is the hundred thousands digit of 413416?
4
What is the millions digit of 4437380?
4
What is the hundreds digit of 1781465?
4
What is the ten thousands digit of 84130?
8
What is the hundreds digit of 567551?
5
What is the hundred thousands digit of 3432755?
4
What is the hundreds digit of 5991511?
5
What is the hundred thousands digit of 535812?
5
What is the